?
10020023
In base 10, what is 14975 + -600?
14375
In base 13, what is -b4 - -512ccb?
512c17
In base 15, what is -51a697b6 - 5?
-51a697bb
In base 4, what is 33321 - 20011233?
-13311312
In base 13, what is -12885 - 71?
-12926
In base 14, what is 5c4c67 - 7?
5c4c60
In base 14, what is 283d21d + -11?
283d20c
In base 2, what is 101100000010 - 1010111101?
100001000101
In base 10, what is -3159500 - 25?
-3159525
In base 7, what is -325052245 + -2?
-325052250
In base 4, what is 31330110303 - 1001?
31330103302
In base 2, what is -1010001010010110010100000010 + -100?
-1010001010010110010100000110
In base 16, what is -4 + 8c463b?
8c4637
In base 14, what is -15 - 1d801?
-1d816
In base 3, what is -22110010 + 201010?
-21202000
In base 2, what is -1001100001101101111111 - 11?
-1001100001101110000010
In base 7, what is -542146 + -36060?
-611236
In base 16, what is -1 + -1dfa89?
-1dfa8a
In base 14, what is -5 + -576a72?
-576a77
In base 10, what is -13 - 3240681?
-3240694
In base 15, what is 15d + 44cad7?
44cc45
In base 8, what is -10665153 - 4?
-10665157
In base 13, what is -7bb0 - 50c?
-83bc
In base 6, what is -131151522 + -25?
-131151551
In base 12, what is -287 + -18314?
-1859b
In base 3, what is -221 - -21000220121011?
21000220120020
In base 8, what is -22 - -1310402?
1310360
In base 7, what is 233236 - -6104?
242343
In base 15, what is -1164e9d + 1?
-1164e9c
In base 8, what is -517276 + 31?
-517245
In base 3, what is 11020011012221 - -200101?
11020011220022
In base 10, what is -17814046 - -8?
-17814038
In base 11, what is 2 - 112864281?
-11286427a
In base 14, what is -650 + -5254?
-58a4
In base 14, what is -178c - -612?
-117a
In base 8, what is 31263 + 2677?
34162
In base 6, what is -40003201 - -1314?
-40001443
In base 5, what is 13323 + -1002102?
-433224
In base 11, what is -190651552 - -3?
-19065154a
In base 2, what is 101101001100001000100100 - -100?
101101001100001000101000
In base 14, what is 11218106 + 0?
11218106
In base 8, what is 2 + 14546624?
14546626
In base 7, what is -616352636 + 34?
-616352602
In base 13, what is 11 - 4986a?
-49859
In base 8, what is 2343 + -65615?
-63252
In base 2, what is 10101001110011011010 + 11001?
10101001110011110011
In base 10, what is 15 + -36795?
-36780
In base 4, what is 12111330 + 112?
12112102
In base 16, what is 1 + -668f183?
-668f182
In base 11, what is 6a6aa70 + 4?
6a6aa74
In base 9, what is -203632 + -117?
-203750
In base 3, what is 22212212 + 2212022?
102202011
In base 14, what is 1cc + -42236c?
-422180
In base 12, what is 43a1 + 59?
443a
In base 2, what is 110111011101111100001 + -10100?
110111011101111001101
In base 6, what is -1041001112 - -32?
-1041001040
In base 12, what is 47 + 35539?
35584
In base 8, what is -6615 - -12755?
4140
In base 4, what is -23 + -22020122?
-22020211
In base 7, what is 145050125 + 20?
145050145
In base 4, what is -22 - -3203111023?
3203111001
In base 15, what is 59b5 - -522?
5ed7
In base 11, what is -6130889a + 7?
-61308893
In base 11, what is a171091 - -3?
a171094
In base 14, what is -3 - 1c467b8?
-1c467bb
In base 7, what is 3 + -40125324?
-40125321
In base 10, what is -2364119 - 96?
-2364215
In base 15, what is -7 + 2acba0?
2acb98
In base 4, what is -3310022200202 + 3?
-3310022200133
In base 16, what is 10c - -53c8?
54d4
In base 14, what is -28cd22a - -11?
-28cd219
In base 10, what is -3134945 - -10?
-3134935
In base 13, what is 50 + -b5c85?
-b5c35
In base 3, what is 1 + -12222011201211012?
-12222011201211011
In base 16, what is b5321c - 0?
b5321c
In base 2, what is -111101001101000011001110101 + 11?
-111101001101000011001110010
In base 9, what is 144 - -5254172?
5254326
In base 6, what is -1511210000 - 13?
-1511210013
In base 7, what is 0 + 22431243?
22431243
In base 16, what is 632 + 4b9b?
51cd
In base 11, what is 3 + 334987a?
3349882
In base 7, what is -23 + 213523555?
213523532
In base 5, what is -20233043043 - -2?
-20233043041
In base 16, what is -220c60 + -4?
-220c64
In base 10, what is -100039482 - -2?
-100039480
In base 16, what is -4995 - 2ae?
-4c43
In base 6, what is 132004 - -100?
132104
In base 8, what is 17434674 - -2?
17434676
In base 10, what is 246452183 - 5?
246452178
In base 15, what is 61628c - 1?
61628b
In base 8, what is -1214 + 20543?
17327
In base 3, what is 12 - 12122110022012121?
-12122110022012102
In base 14, what is 77134c86 + -3?
77134c83
In base 13, what is -10a683 + 679?
-10a007
In base 7, what is -530 + 2020?
1160
In base 4, what is 212 + -110011213?
-110011001
In base 10, what is -2 - 1830?
-1832
In base 13, what is 4 + 5cccaa?
5cccb1
In base 16, what is 3a8f + -bed?
2ea2
In base 15, what is -464b6 + 340?
-46176
In base 5, what is -2234 - -303322?
301033
In base 10, what is 76 - 74457?
-74381
In base 13, what is -97a265 + -5?
-97a26a
In base 3, what is 112 - 200220202220?
-200220202101
In base 12, what is 1a7a0 - -141?
1a921
In base 7, what is -323011 - -13?
-322665
In base 11, what is 311a + -27a5?
425
In base 6, what is -2 + -135332113?
-135332115
In base 8, what is 1 - -23665215?
23665216
In base 2, what is -110110011110000001 - -100111110010?
-110101110110001111
In base 16, what is -5 - 84c54?
-84c59
In base 10, what is -5208348 + 2?
-5208346
In base 15, what is 57d288 + 50?
57d2d8
In base 10, what is -1272851 + -5?
-1272856
In base 3, what is 112200101 - 1220011?
110210020
In base 11, what is a89a45 + 5?
a89a4a
In base 11, what is -3 + -262aa7?
-262aaa
In base 16, what is -61b229 - -4?
-61b225
In base 10, what is -525478 - 26?
-525504
In base 3, what is 1110202 + 1000022022?
1001210001
In base 2, what is -1010010111100110 - -1011001011?
-1010001100011011
In base 2, what is -1100101001111010011011 - 111111?
-1100101001111011011010
In base 12, what is -a3a4 - 3a87?
-1226b
In base 3, what is 1 + -2012212112102022?
-2012212112102021
In base 14, what is -2839 + 457?
-23c2
In base 8, what is -601152314 + -2?
-601152316
In base 8, what is -63273030 + 0?
-63273030
In base 4, what is -1011013 + -2030112?
-3101131
In base 15, what is 82319 + -22?
822e7
In base 16, what is 957d - -40d?
998a
In base 11, what is 15067071 + 4?
15067075
In base 3, what is 12110 - -12210212?
20000022
In base 12, what is 287a51091 - 1?
287a51090
In base 3, what is -211120 + -11100211120?
-11101200010
In base 15, what is 4 + -1874b0?
-1874ab
In base 13, what is -42b599b - 0?
-42b599b
In base 11, what is 3996 - 14a7?
249a
In base 3, what is -202201021220200 + 21?
-202201021220102
In base 15, what is -3c73 - 9068?
-ccdb
In base 6, what is 553243035 - 2?
553243033
In base 10, what is -16 - -33447?
33431
In base 14, what is 19 - 1a7b4a7?
-1a7b48c
In base 12, what is 768a7b6 - 0?
768a7b6
In base 6, what is -253205 - -2305?
-250500
In base 8, what is -220361747 + 1?
-220361746
In base 15, what is 34 + -2165b5?
-216581
In base 7, what is 1415 - -25426?
30144
In base 8, what is -316122310 - -1?
-316122307
In base 9, what is -380 + -118863?
-120353
In base 10, what is 0 + 18426991?
18426991
In base 3, what is -20111110211222 + -12?
-20111110212011
In base 5, what is -24 - 331301111?
-331301140
In base 11, what is 0 - 11a5335?
-11a5335
In base 6, what is 200510 + 325313?
530223
In base 3, what is 110202022211121 - 101?
110202022211020
In base 11, what is -187 + -111643?
-11181a
In base 15, what is 67d + add8?
b566
In base 5, what is -44 + -140032224?
-140032323
In base 4, what is 3023100303 - 10?
3023100233
In base 3, what is 1200 + -121112020101?
-121112011201
In base 10, what is 16002 + -377?
15625
In base 2, what is -110101111010101000 + -100?
-110101111010101100
In base 8, what is 107 - -11027154?
11027263
In base 13, what is 69311 + 11c?
69430
In base 7, what is 11 + -101213216?
-101213205
In base 2, what is 10 + 1100110001110110101101?
1100110001110110101111
In base 11, what is 3 + 761910?
761913
In base 5, what is -1 - -103243?
103242
In base 9, what is -11 - 200114?
-200125
In base 9, what is 5044 + 43?
5087
In base 12, what is -9334 + 374?
-8b80
In base 13, what is 2074968 - 6?
2074962
In base 8, what is 316 + 135347?
135665
In base 3, what is 22220 + 1112120112?
1112220102
In base 15, what is 0 - 12c289?
-12c289
In base 4, what is -1301201013 + 311?
-1301200102
In base 3, what is -200 + 10022000222000?
10022000221100
In base 2, what is -100011011100100000101100 - -10